s) = 3 - s - 4 + 2 - 2. Let k be w(-6). Suppose 14 = b + l, k*b + 2*l = b + 60. What is the tens digit of b?
1
What is the tens digit of (4 + 38)*4/6?
2
Let d(l) = 2*l**2 - 3*l - 3. Let z be d(3). Let a(s) = s**2 - 6*s + 7. What is the units digit of a(z)?
7
Let n(h) = -h**3 - 4*h**2 + 5*h + 4. Let i be n(-5). Suppose -3*v + 10 = j, 0 = -0*v - 4*v - i. What is the tens digit of j?
1
Suppose 28*c - 22*c = 942. What is the units digit of c?
7
Let y(x) = x**3 - 4*x**2 + x - 10. What is the tens digit of y(5)?
2
Let i(b) = 86*b + 14. What is the tens digit of i(3)?
7
Let j(d) = d**3 + 4*d**2 - 3*d - 8. Let g be j(-4). Suppose 66 = g*n + 2. What is the tens digit of n?
1
Suppose -2*q = -5*y - 4 - 19, 0 = -3*y - 9. What is the units digit of q?
4
Suppose 66 = x - 4*v, v + 104 = 2*x - 0*v. What is the tens digit of x?
5
Suppose -3*i - 234 = -3*y, 0 = -0*i - 3*i + 6. What is the units digit of y?
0
Let j = 5 + -6. What is the units digit of (-6)/6*j*1?
1
Suppose 0 = 5*v - 4*z, 12 = -v + 4*z - 4. Suppose v*w + 6 = -3*u, 2*u - 3*u - w = 1. What is the units digit of u?
2
Suppose -5*k + 194 = -2*b, -4*k = 5*b - 219 + 44. What is the units digit of k?
0
Suppose 3*u = -5 - 25. Let a be ((-8)/u)/(4/10). Suppose a*r = r + 3. What is the units digit of r?
3
Suppose 0 = 5*l - 25, 5*s - 286 - 114 = -3*l. What is the units digit of s?
7
Let l = -5 + 8. Let t = -7 + l. What is the units digit of (t/8)/((-1)/4)?
2
Let b = -2 + 8. Let f(x) = -5 + 2*x - x + x. What is the units digit of f(b)?
7
Let a(q) = 2*q**3 - 2*q**2 + 1. Let b be a(-1). Let p = b - -4. Suppose g + 4*u = 18 - p, 5*u = -5*g + 40. What is the units digit of g?
5
Suppose -109 - 422 = -3*y. What is the tens digit of y?
7
Let c(s) = s**2 - 2*s + 1. Let h be c(3). Let m(f) = f + 2. Let l be m(2). Suppose 11 - 2 = -b - h*o, 18 = l*b - 2*o. What is the units digit of b?
3
Let x(k) = 6*k - 8*k**3 + 4*k**2 + 7*k**3 - 3 - k**2. Let z be -1 + 2/(4/10). What is the units digit of x(z)?
5
Let z(o) = -o**3 - o + 12. Let v be z(0). Suppose 0 = -3*g - g + v. What is the units digit of g?
3
Let f = 217 + -121. What is the tens digit of f?
9
Let v = -123 + 5. What is the units digit of v/(-8) + 1/4?
5
Suppose 0 = u + 4*u. Let b(c) = c**3 + c**2 - c. Let p be b(u). Let f = p - -7. What is the units digit of f?
7
Let f be -2 + 13 + 10/5. Suppose 3*i + 4*t = f, 3*t = -i + 4*t + 16. What is the tens digit of i?
1
Let z be (1/3)/(4/24). Suppose -4 = -6*w + z*w. What is the units digit of w?
1
Suppose 9*d = 3*d + 1314. What is the units digit of d?
9
Suppose 4*h - 216 = 5*o, -2*h - 30 = 3*o - 116. What is the tens digit of h?
4
Let y = 25 - -1. What is the units digit of y?
6
Suppose -3*s = -8*s - 10, 4 = 4*n - 4*s. Let r(m) = -m - 7*m - 3*m. What is the units digit of r(n)?
1
Suppose 3*f + 10 - 76 = 0. What is the tens digit of f?
2
What is the units digit of (-3196)/(-36) - (-2)/9?
9
Let g(m) = m**3 + 6*m**2 - m - 1. Let r be g(-6). Suppose -r*p = -21 + 56. Let t(x) = -2*x - 10. What is the units digit of t(p)?
4
Suppose -4*o = -925 - 1931. Suppose 0 = 4*r + 526 + o. What is the tens digit of (-3)/(-5) - r/25?
1
Let x = 437 - 228. What is the hundreds digit of x?
2
Let x(l) = l**3 - 8*l**2 - 12*l. Let i(y) = y**3 - 9*y**2 - 13*y + 1. Let b(j) = -6*i(j) + 7*x(j). What is the tens digit of b(5)?
3
Let h(r) be the first derivative of -r**3/6 + 6*r**2 + r - 1. Let x(w) be the first derivative of h(w). What is the units digit of x(5)?
7
Let j(g) = 2*g**2 - 6*g + 3. Suppose 0 = -3*t - 16 - 11. Let y = -5 - t. What is the units digit of j(y)?
1
Let f = 26 - 24. Suppose -2*d = x - 10 - 3, -22 = -5*d + x. Suppose -f*v + d*b = -0*b - 31, 8 = v - b. What is the units digit of v?
3
Let m(b) = b**3 + 5*b**2 - 7*b - 4. Let n be m(-6). Suppose -3*w + 29 = 5*o - 0*o, -n*o + 18 = -2*w. What is the units digit of o?
7
Suppose 2*c = -0*c - y + 77, 159 = 4*c + 3*y. Let a = c - 6. Suppose z = 4*s, -6*z + 5*s = -z - a. What is the units digit of z?
8
Let f(m) = m**3 + m**2 - m + 1. Let r be f(1). Suppose r*i + a + 3*a - 4 = 0, 0 = -5*i - 4*a + 16. What is the units digit of i/10 - (-32)/20?
2
What is the tens digit of -1 - -2*(-19)/(-2)?
1
What is the tens digit of 4/(-3) - (-984)/36?
2
Suppose -k = 4*m - 14, 10 = 3*m + 2*k + 2. Let d(j) be the second derivative of -j**3/6 + 5*j**2/2 - 2*j. What is the units digit of d(m)?
1
Let m(o) be the third derivative of o**6/120 - o**5/20 + o**4/24 - o**3/3 + 2*o**2. Let d(z) = -z**2 - 5*z - 1. Let c be d(-4). What is the units digit of m(c)?
1
Let r(l) = l**3 - l**2 - l + 7. Let t be r(5). Let v be 1/(-1) - t/(-2). Suppose 2*q + 8 = 2*z, 7*z - 2*z + 5*q - v = 0. What is the units digit of z?
7
Suppose 0 = 2*w - 4. Let u(k) = k**3 + k**2 - 1. What is the units digit of u(w)?
1
Let t(b) = 9*b**2 - b - 4. Suppose 4*o - 19 = -o - 3*w, -2*o + 19 = 5*w. What is the tens digit of t(o)?
3
Suppose 2*s = -8*z + 3*z - 73, 0 = 4*s + 4*z + 116. Let t = -13 - s. What is the tens digit of t?
1
Suppose 5*i - 57 = 18. What is the units digit of i?
5
Let m be (-2)/(-4) + (-22)/(-4). Let w(f) = -2*f**3 - f**2 + f. Let l be w(1). What is the units digit of (0 - m/l) + 8?
1
Suppose -4*n = -0*n - 12. Suppose -4*v - 5*w = -28, -v + 4*w + 10 = n. What is the units digit of v?
7
Suppose 0 = -h - 3*h + 5*d, 0 = -4*h + 4*d + 4. Suppose t + 3*u + 2 = 0, h*t - 44 = -3*u + 6*u. What is the units digit of t?
7
Let x(c) = 3*c**2 - 12*c + 17. What is the tens digit of x(7)?
8
Suppose -64 = -4*x + 4*h, 2*h = x + 5*h - 24. Suppose 3*t - x = -0*t. What is the units digit of t?
6
Let h(f) = 7 - 2 - 2*f**2 + 5*f**3 - 4. Let o be -1 + 1 - (0 - 1). What is the units digit of h(o)?
4
Suppose -5*q = -6*q - 50. What is the units digit of q/(-10) - (0 + -3)?
8
Let k = 141 + -99. What is the tens digit of k?
4
Let q be (-3)/(-2)*(0 - -2). Suppose -3*a + q*y + 126 = 0, -4*a + 3*y + 172 = -2*y. What is the tens digit of a?
3
Suppose 4*d - 33 = 27. Suppose 0 = 3*z - b + d - 98, -80 = -3*z + 4*b. What is the tens digit of z?
2
Suppose 0 = -8*a + 7*a + 3. Suppose -a*w - 5*x = -w - 23, 98 = 5*w - x. What is the units digit of w?
9
Suppose 6*y = 2*y + 12. Suppose 0*j = -y*j. Let v = j - -6. What is the units digit of v?
6
Let y(q) = -q**2 - 9*q - 9. Let s be y(-8). What is the tens digit of ((-20)/14)/(s/7)?
1
Let u(x) = -x + 13. Suppose 0 = g - 5*g. What is the tens digit of u(g)?
1
Let n(z) = -z**3 - z. Let b(y) = y**3 + 2*y + 1. Let h(d) = 2*b(d) + 3*n(d). Let p be h(0). What is the units digit of (6/(-5))/(p/(-10))?
6
Let s = 184 + -19. What is the units digit of s?
5
Let q be 7/((-3)/6*-2). Let n be -1 + 1*-3*1. Let j = q + n. What is the units digit of j?
3
Suppose 0 = m + 5, 0 = -5*k + 3*m + 2*m + 40. What is the units digit of k?
3
Let q = 3 + 0. Let v be (q + 0)*(-20)/(-3). Suppose 2*r = 6*r - v. What is the units digit of r?
5
Suppose -2*j = 0, -54 = -3*o - 3*j + j. Let m(d) = d**3 + 5*d**2 + 7*d + 4. Let r be m(-4). Let v = o + r. What is the units digit of v?
0
Let u = -6 - -7. Suppose 0*l = -5*l. Let j = l + u. What is the units digit of j?
1
Let z = 16 + -26. Let y = z - -16. What is the units digit of y?
6
Suppose 0 = 4*y + 68 - 88. Suppose 3*l + 3*t = 4 - 1, 3*l - 2*t - 18 = 0. Suppose 7 = l*w - y. What is the units digit of w?
3
Let p(n) = -n**2 + 11*n - 13. Let g be p(9). Suppose 156 = -d + g*d. Suppose -5*s + 33 = 4*a, -s = -a - 2*a + d. What is the units digit of a?
2
Let o(t) = t + 1. Let r be o(-6). Let s = r - -22. Let z = 33 - s. What is the units digit of z?
6
Suppose 726 = -9*x + 11*x. What is the tens digit of x?
6
Suppose 0 = 4*j - 3*j - 35. What is the tens digit of j?
3
Let h = 14 + -4. Suppose 2*t = h + 50. What is the tens digit of t?
3
Let s(g) = -7*g - 10. What is the units digit of s(-5)?
5
Let z(t) be the first derivative of 1/3*t**3 - 1/2*t**2 - 4*t + 2. What is the units digit of z(-3)?
8
Suppose -c + 889 = 6*c. What is the units digit of c?
7
Let o = 2 + 15. What is the units digit of o?
7
What is the units digit of (-12)/(-18) - 44/(-6)?
8
Suppose 2*v - 5 = -3*v. Suppose v = -2*c + 5. Suppose -c*h = -3*h + 16. What is the tens digit of h?
1
What is the units digit of 5/(32/10 - 3)?
5
Let d(k) be the second derivative of -k**5/20 + 11*k**4/12 + 7*k**3/3 - 8*k**2 - 5*k. What is the units digit of d(12)?
8
S